21?
2
Let u be (-208)/20*(-39 + 4). Let q = u + -144. What is the hundreds digit of q?
2
Let z = 48 + -38. Let o(m) = -m**3 + 8*m**2 + 21*m - 13. Let g be o(z). Let d(u) = -3*u**3 + u**2 + 6*u + 7. What is the tens digit of d(g)?
7
Let p = -21549 + 31398. What is the tens digit of p?
4
What is the hundreds digit of 1 + 5845 - ((-1120)/14)/20?
8
Let w(u) = 31*u**2 - 2409 + 5*u + 2410 - 13*u**2. What is the tens digit of w(5)?
7
Let h = 88 + -134. Let y(q) = -13*q - 86. Let m be y(-8). Let b = m - h. What is the units digit of b?
4
Let n(b) = 6*b - 199 - 211 + 828 - 198 - 210 + 2*b**2. What is the units digit of n(-11)?
6
Let l = 89 - 87. Suppose l*j + 5*b = -10, 2*j - 15 = b - 1. Suppose -j*v - 30 = -575. What is the tens digit of v?
0
Let l = -229 - -51. Let f = l + 797. What is the hundreds digit of f?
6
Let u(f) = 106*f - 20. Let v be u(10). Let d be (-6)/(-4)*v/30. Suppose 0 = 2*n + d - 168. What is the units digit of n?
8
Suppose -8*q + 6*q = -68. Suppose -4*o + 18 = -q. Let j = 105 - o. What is the tens digit of j?
9
Let g be -1*4 + (-44)/11 + 3118. Suppose 21*r + g = 26*r. What is the tens digit of r?
2
Suppose -m = -2*r - 2128 - 128, -5*m - 2*r = -11328. What is the units digit of m?
4
Let n(o) = -18*o - 38. Suppose 0 = -5*a - 2*j + 162 + 163, -j + 330 = 5*a. Let m = 58 - a. What is the hundreds digit of n(m)?
1
Let j = -5518 - -6388. What is the hundreds digit of j?
8
Suppose -k - 3 = -2*k. Suppose 0 = 10*r + 24 - 1744. Suppose 2*c - r = -4*a, k*a + 11 = -2*c + 140. What is the tens digit of a?
4
Let r(b) be the third derivative of -b**6/120 + 2*b**3/3 - 13*b**2. Let a be r(0). Suppose 6 + 22 = a*g. What is the units digit of g?
7
Suppose 8*i - 4*i - 248 = 0. Suppose 0 = 5*x + i - 42. Let t(l) = -15*l - 40. What is the units digit of t(x)?
0
Suppose 407*m - 1245575 - 4903922 = 9865546. What is the units digit of m?
9
Let c(d) = -2*d - 19. Let t(n) = n**2 - 8*n - 3. Let s be (0/1 + 14)*7/14. Let g be t(s). What is the units digit of c(g)?
1
Let k = 140 - 251. Let c = k + 276. What is the units digit of ((-6)/4 - 1)/(c/(-132))?
2
Suppose -221985 = -38*y + 65257. Suppose -y + 28967 = 12*z. What is the hundreds digit of z?
7
Let u be ((2 + -1)*-1)/(25/175). Let n be (-38)/(-14) - 2/u. Suppose 4*c - 125 = -2*x + 333, -4*c + 457 = n*x. What is the units digit of c?
5
Suppose -67*o - 386478 = -84*o. Suppose -59*v + 77*v - o = 0. What is the units digit of v?
3
Let p be (-18)/(-27) + (-20)/3 - -4. What is the tens digit of 153 - (p + -3 + -1)?
5
What is the hundreds digit of ((-37300)/70)/((-45)/2835)?
5
What is the hundreds digit of 30/2 + 719 + -572?
1
Suppose 4*p = -q, q - 4*q = 2*p. What is the units digit of -747*(-6 + 5) - p?
7
Let w(d) = d**3 + 7*d**2 + 10*d + 28. Let r be w(-6). What is the units digit of r + -11 + 1 + 802?
6
Suppose 224*u - 37872 = -3*v + 227*u, -2*u = -6. What is the ten thousands digit of v?
1
Suppose 3*t - 4597 = -4*i, -13*t = 3*i - 9*t - 3446. What is the hundreds digit of i?
1
Let x = 658 + -634. Let r(c) = c**2 - 4*c - 1. Let k be r(7). Suppose -x*i + k*i = -280. What is the units digit of i?
0
Let o(y) = -3*y**3 - 35*y**2 + 6*y - 376. What is the tens digit of o(-24)?
9
Let y = 8408 + 1129. What is the hundreds digit of y?
5
What is the tens digit of 29559 - (2 - 2 - (11 + -10)*3)?
6
Let c = 14308 - 7706. What is the units digit of c?
2
Suppose -44*v = -48*v - 56. What is the units digit of v*(-8)/(-16) - -668?
1
Let u(j) = -33*j - 27. Let r(q) = -6*q**2 + 2*q + 4. Let d be r(2). What is the hundreds digit of u(d)?
5
Let q(h) = 5810*h - 9304. What is the tens digit of q(7)?
6
Let d = 98 + -28. Suppose 5*u = 4*a - d, -u = 2*a - 2*u - 38. Let b = a + 16. What is the tens digit of b?
3
Let x be (-2 + (-33)/(-9))*495. Let p = x + -439. What is the tens digit of p?
8
Suppose -119 = -56*j + 49*j. Suppose -7*l = j*l - 16680. What is the tens digit of l?
9
Suppose -3*s - p - 111 = 4*p, -132 = 3*s - 2*p. Let h = 42 + s. Suppose 2*x + h*x = 2. What is the units digit of x?
1
Suppose 6*f + 2*h - 105478 = 0, -4*f + 6*f + 4*h - 35146 = 0. What is the hundreds digit of f?
5
What is the units digit of -8*48183/(-6) + (-690)/115?
8
Let z be 104 + (-6 - (-5)/1). Suppose 408 = -2*y + 2*f, -y - 2*f - z - 89 = 0. Let t = y - -375. What is the units digit of t?
5
Let m = 37 - 35. Let l be ((m - 0) + 2)/((-6)/(-15)). Suppose v = l*v - 126. What is the tens digit of v?
1
Let o = 294 - -186. Suppose -3*t = -2*q + 187, -5*q + 2*t + 3*t + o = 0. What is the hundreds digit of q?
1
Let j(q) = q**3 - 13*q**2 - 22*q + 8. Let h = 49 - 109. Let t = h - -75. What is the units digit of j(t)?
8
Suppose -2*s - 12 = -6*s. Suppose -55 = -5*v - 3*u, 4*v - u - 17 = 2*u. Suppose -s*x = -4*h + 251, -h - v*x = -3*x - 80. What is the units digit of h?
5
Suppose -3*w - 64 - 35 = 0. Let o be (2222/w)/((-2)/12). Suppose -4*i - 4*u + 681 = 185, 5*u = 3*i - o. What is the hundreds digit of i?
1
Suppose 1559 - 161 = 6*p. Let y = p - 77. What is the units digit of y?
6
Let v(g) = -g**3 - 68*g**2 - 46*g - 415. What is the units digit of v(-70)?
5
Suppose 88615 = 3*w + b, -303 + 307 = b. What is the ten thousands digit of w?
2
Suppose 32*h = -54*h + 1852096. What is the thousands digit of h?
1
Suppose 4*c + 8 = 0, -3*c - 12096 = -2*f - 7*c. What is the hundreds digit of f?
0
Suppose -2*i + 606 = f, 2*i - 189 = f - 783. Let p = f - 329. What is the hundreds digit of p?
2
Suppose 23*z + 1146 = 24*z - v, -3*z = -2*v - 3437. What is the tens digit of z?
4
Suppose -11*n + 1665 = i - 7*n, 3*n = i - 1686. Suppose -2*d - 2*d + 5*g = -1329, 5*d - g - i = 0. What is the units digit of d?
6
Let m(r) = 8*r + 7. Suppose 5*q = -25, 2*z - 6*q - 13 = -q. Let p = 3 - z. What is the units digit of m(p)?
9
Let g(q) = q**2 - 67*q + 61. What is the tens digit of g(-23)?
3
Let t be 1*(-4 + 4)/7. Suppose t = -k - 158 + 680. What is the hundreds digit of k?
5
Suppose 5*m - 38280 = -2*j, 2*m - 15298 = 205*j - 203*j. What is the hundreds digit of m?
6
Let w = 6374 - 3542. What is the hundreds digit of w?
8
Let m be (-21)/4*(-760)/114. Let t = 86 + m. What is the hundreds digit of t?
1
What is the ten thousands digit of -2*(-3 - (-15682)/(-2) - 51/(-34))?
1
Let b(o) = 5*o**3 + 37*o**2 + 3*o - 17. Let m be b(-7). What is the units digit of ((-3)/4)/((-7)/21)*m?
5
Let w = 17215 - 9636. What is the units digit of w?
9
Let g be 1/(5/2)*(51 + -46). Suppose -13*b + 11616 = -g*b. Suppose r - 7*r + b = 0. What is the tens digit of r?
7
Let o = 6197 + 3408. What is the hundreds digit of o?
6
Suppose 2*n = 3*n + 18. Let x be -25*2/n + (-54)/(-243). Suppose -4*w - 173 = -7*w + 4*k, 0 = x*w + k - 163. What is the units digit of w?
5
Let p be (-1)/((-21)/18)*91. Let a = 74 - p. What is the units digit of (-276)/a - (-2 - -4)?
7
Let a(j) be the third derivative of -j**7/168 - j**6/180 - j**5/60 + 13*j**2. Let r(q) be the third derivative of a(q). What is the units digit of r(-3)?
6
Suppose -8*b = -5*b. Suppose -3*k + 2 = -5*k - 5*u, b = 3*k - 5*u + 28. What is the units digit of 5 + (-3)/(k/134)?
2
Suppose 10*u - 77159 = 49*w - 52*w, 0 = 5*w + 3*u - 128571. What is the units digit of w?
3
Suppose 9*z - 8*z - 4*s - 5134 = 0, 10316 = 2*z + 4*s. Suppose 11*b - z = 3892. What is the tens digit of b?
2
What is the tens digit of (-2)/(-13) + (5777730/(-273))/(-27)?
8
Suppose 3*c - 72 = -63. Suppose 4*i - 3*s + c = -6*s, 5 = -5*s. Suppose 0 = l - 4*d - i*d - 153, 0 = -2*d + 10. What is the tens digit of l?
7
Let p(u) = 143*u**2. Let g be p(-1). Let x be 11/(330/(-260))*9. Let a = x + g. What is the tens digit of a?
6
Let r = 25 - -43974. What is the tens digit of r?
9
Suppose 6*x + 17*x = -1334. What is the tens digit of -4*(-2 - (0 - 1 - x))?
3
Suppose 8*w - 3*w + 20 = 0, -3*v - 3*w + 1668 = 0. Suppose 4*h = 3*j + 556, -4*h - j + 3*j = -v. What is the units digit of h?
2
Suppose -600054 = 128*m - 154*m. What is the tens digit of m?
7
What is the units digit of (3152/(-3))/(8/(-180)) - 0?
0
Suppose 203 = 21*u - 14*u. What is the units digit of (-9 + u)/((-2)/(1*-12))?
0
Suppose 3*n - 8 = -2, 5*y + 465 = -5*n. Let c = y - -1. Let j = c + 168. What is the tens digit of j?
7
Let d(x) be the third derivative of x**4/24 + x**3/2 - 32*x**2. Let n be d(-9). What is the hundreds digit of (4 - 2)*(-411)/n?
1
Suppo